20
Let d(i) = -i**2 - 16*i + 10. Calculate d(-15).
25
Let p(z) = z**3 + 8*z**2 + 3*z + 11. Give p(-8).
-13
Let k(c) = c**3 - 9*c**2 + 20*c - 12. Give k(6).
0
Let s(h) = -h. What is s(-16)?
16
Let x(h) = 16*h + 271. Give x(-18).
-17
Let b(w) = w**3 - 7*w**2 - w - 1. Calculate b(7).
-8
Let h(g) = g**3 - g**2 - 3*g - 7. Determine h(0).
-7
Let k(w) = 2*w**3 + 5*w**2 - 4*w. Give k(-4).
-32
Let p(i) = -i**2 + 20*i - 82. Determine p(15).
-7
Let c(w) = w**3 + 3*w**2 - w - 22. Give c(-3).
-19
Let b(v) = 4*v + 11. Determine b(-9).
-25
Let l(y) = y**3 + 7*y**2 + 7*y - 10. Calculate l(-5).
5
Let w(t) = t**3 + 49*t**2 - 102*t + 2. Determine w(-51).
2
Let k(o) = -o**3 + 13*o**2 + 17*o - 49. Calculate k(14).
-7
Let g(h) = -h**3 + 27*h**2 + 57*h + 24. Calculate g(29).
-5
Let a(c) = -c**3 - 14*c**2 - 13*c + 5. Give a(-13).
5
Let l(n) = -5*n + 8. What is l(2)?
-2
Let s(h) = 3*h + 20. Determine s(-10).
-10
Let o(r) = -r**2 + 15*r - 21. Determine o(9).
33
Let t(u) = 16*u**3 - u**2 - 4*u + 5. Determine t(1).
16
Let w(z) = -z**3 + z**2 + 3*z - 3. Calculate w(2).
-1
Let x(t) = -t**2 + 3*t - 5. Calculate x(5).
-15
Let c(h) = -2*h**3 - 10*h**2 + 3*h + 33. What is c(-5)?
18
Let m(i) = 3*i**2 + 1. Give m(3).
28
Let g(a) = -5*a - 9. Calculate g(-3).
6
Let c(m) = -m**2 + m + 2. Give c(-3).
-10
Let f(s) = 3*s**2 + 25*s + 3. Calculate f(-11).
91
Let s(n) = -9*n**2 + n + 1. Give s(-1).
-9
Let p(l) = l**2 - 9*l + 9. Calculate p(10).
19
Let c(h) = -2*h + 31. Give c(5).
21
Let b(y) = 4*y**2 - 3*y - 3. Give b(-3).
42
Let b(l) = -l**2 - 8*l + 8. Give b(-8).
8
Let y(p) = 14*p**2 + 21*p + 21. Determine y(-1).
14
Let p(g) = -2*g - 17. Give p(-7).
-3
Let l(j) = -j**2 + 11*j + 10. Give l(10).
20
Let t(u) = u**3 - 13*u**2 + 14*u + 16. Determine t(12).
40
Let q(w) = w**2 - 3*w. Determine q(6).
18
Let s(g) = g**2 + 4*g - 78. Calculate s(-11).
-1
Let l(u) = 81*u - 1. Calculate l(1).
80
Let a(j) = -j**3 - 14*j**2 - 18*j - 16. What is a(-12)?
-88
Let h(u) = u - 6. What is h(-27)?
-33
Let b(u) = 2*u - 11. Calculate b(8).
5
Let w(r) = -r**2 - 12*r + 26. Calculate w(-14).
-2
Let r(m) = -m**3 - 19*m**2 + 23*m + 50. Determine r(-20).
-10
Let y(a) = 110*a + 668. Determine y(-6).
8
Let k(h) = 14*h - 68. Determine k(5).
2
Let t(g) = -g - 3. Determine t(4).
-7
Let w(i) = i**3 + 5*i**2 - 3*i + 2. Give w(-5).
17
Let i(q) = 5*q**2 - 2. Calculate i(2).
18
Let p(y) = -2*y**2 + 6*y - 5. Give p(5).
-25
Let u(r) = -4*r**3 - 2*r**2 + 3*r + 4. Give u(-2).
22
Let z(o) = o**3 + 11*o**2 + 2*o + 27. What is z(-11)?
5
Let c(p) = -p**2 + 9*p - 2. Calculate c(8).
6
Let w(k) = k**2 + 12*k + 8. Give w(-11).
-3
Let r(n) = -4*n**2 + 1. Determine r(-1).
-3
Let d(f) = -f**3 - 3*f**2 + 4*f + 5. What is d(-4)?
5
Let s(g) = -g**3 - 15*g**2 - 19. Calculate s(-15).
-19
Let s(j) = -23*j - 1480. Determine s(-64).
-8
Let j(h) = -5*h + 2. Determine j(-1).
7
Let b(n) = n**2 - 17*n + 27. Determine b(15).
-3
Let o(v) = v**2 + 2*v + 2. Give o(0).
2
Let b(u) = u**3 + u**2 - 4*u + 2. Give b(1).
0
Let l(f) = -f**3 - 7*f**2 - 7*f. Determine l(-6).
6
Let s(c) = c - 19. Determine s(-6).
-25
Let g(r) = r**2 - 11*r + 13. Calculate g(8).
-11
Let i(m) = m**3 - 3*m**2 - 5*m + 26. Determine i(3).
11
Let g(l) = l**2 - 39*l + 52. What is g(38)?
14
Let p(o) = -o**2 + 7*o + 72. Calculate p(-5).
12
Let y(t) = -3*t - 4. Calculate y(-3).
5
Let n(o) = -o**2 - 23*o - 3. Give n(-24).
-27
Let c(b) = -b**2 + b + 1. What is c(3)?
-5
Let p(s) = -s**3 - 7*s**2 - 10*s - 2. What is p(-4)?
-10
Let o(r) = r**2 - 5*r - 43. Calculate o(-4).
-7
Let w(n) = 2*n**3 - 10*n**2 + 2*n - 3. Determine w(5).
7
Let h(f) = -5*f**3 + 2*f**2 + 4*f - 5. Calculate h(1).
-4
Let k(y) = y**3 - 8*y**2 - 3*y + 7. Give k(8).
-17
Let i(t) = -2*t**2 - 4*t + 20. What is i(-4)?
4
Let l(o) = 4*o + 6. Give l(13).
58
Let u(t) = -20*t + 54. Give u(11).
-166
Let q(f) = 5*f - 10. Give q(3).
5
Let f(z) = -3*z + 20. What is f(5)?
5
Let l(f) = -18*f**2 + 1. Give l(1).
-17
Let g(l) = -l - 11. Give g(-6).
-5
Let x(v) = -5*v + 3. Give x(-1).
8
Let o(b) = -25*b + 1075. Give o(43).
0
Let u(h) = h**3 - 9*h**2 + 20*h + 8. What is u(5)?
8
Let y(s) = 8*s**2 - 8*s. Determine y(1).
0
Let g(j) = -j**3 - 9*j**2 - 11*j - 5. Calculate g(-8).
19
Let k(i) = -i**2 - 18*i + 43. What is k(-20)?
3
Let d(h) = -h + 10. Give d(14).
-4
Let u(w) = -14*w + 117. Calculate u(9).
-9
Let m(t) = 33*t + 166. What is m(-5)?
1
Let v(w) = -2*w**3 - 4*w**2 - w + 3. Determine v(-2).
5
Let s(c) = -2*c + 9. Determine s(5).
-1
Let v(l) = -2*l**3 - 5*l**2 - 2*l + 5. Give v(-2).
5
Let z(n) = n - 7. Calculate z(-1).
-8
Let y(g) = 3*g + 1. Give y(7).
22
Let g(o) = o**2 + 16*o + 10. Give g(-19).
67
Let d(m) = 4*m + 7. Calculate d(-7).
-21
Let x(z) = -11*z**2 - 1. Determine x(1).
-12
Let t(c) = c - 3. Give t(8).
5
Let j(t) = t**3 - 10*t**2 + 3*t + 3. What is j(10)?
33
Let c(q) = q**3 - 11*q**2 + 5*q + 52. Determine c(10).
2
Let q(a) = 3*a**3 - 2*a + 3. What is q(2)?
23
Let m(d) = -2*d + 3. What is m(8)?
-13
Let r(t) = -t**3 - 3*t**2 + 2*t. Determine r(3).
-48
Let i(p) = 4*p + 91. Calculate i(-23).
-1
Let k(q) = q**2 - 32*q - 194. Determine k(-5).
-9
Let j(s) = 30*s - 59. Calculate j(2).
1
Let q(i) = -i**3 - 7*i**2 + 4. Calculate q(-3).
-32
Let r(x) = -x - 3. What is r(-5)?
2
Let c(q) = -10*q - 139. Calculate c(-18).
41
Let c(r) = 2*r**2 + 81*r - 32. Determine c(-41).
9
Let d(r) = -5*r**3 + r**2 - r + 1. Calculate d(-2).
47
Let o(r) = -r**3 - 13*r**2 + r + 17. Determine o(-13).
4
Let d(t) = -t**3 + 3*t**2 + 3*t. Give d(3).
9
Let x(w) = w**2 - 30*w + 149. Calculate x(6).
5
Let l(k) = 7*k**2 + 12*k - 7. Give l(-4).
57
Let x(p) = p**2 + 11*p + 4. Give x(-10).
-6
Let r(t) = -t**2 + 14*t + 1. Determine r(14).
1
Let b(x) = 2*x**3 + 82*x**2 - 84*x + 22. Determine b(-42).
22
Let d(g) = 11*g**3 + 11*g - 11. Determine d(1).
11
Let a(q) = -2*q**2 - 42*q - 100. Calculate a(-18).
8
Let o(g) = g**2 + 3*g - 26. Give o(-7).
2
Let d(r) = -4*r**2 + r + 2. Give d(-2).
-16
Let v(i) = 5*i - 27. What is v(5)?
-2
Let y(h) = h**2 - 1. What is y(2)?
3
Let j(t) = t - 10. Determine j(6).
-4
Let y(n) = -7*n - 32. Determine y(-15).
73
Let k(g) = -13*g + 7. Determine k(-3).
46
Let q(b) = b**3 - 35*b**2 + 122*b + 62. Determine q(31).
0
Let c(k) = k**3 + 11*k**2 - 12*k - 8. What is c(-12)?
-8
Let p(w) = -w**2 - 30*w - 106. Determine p(-26).
-2
Let o(g) = -g**3 - 3*g**2 + 18*g - 5. Calculate o(-6).
-5
Let m(u) = -u**2 - 22*u - 123. What is m(-12)?
-3
Let n(g) = g**3 - 2*g**2 - 12*g + 3. Calculate n(4).
-13
Let o(f) = f**2 + 10*f - 4. Give o(-10).
-4
Let o(n) = -n**3 + 9*n**2 - 4*n + 30. Determine o(9).
-6
Let l(n) = n**3 + 6*n**2 - 13*n + 25. Calculate l(-8).
1
Let s(y) = -y**3 - 11*y**2 + 3*y - 4. What is s(-11)?
-37
Let j(z) = -3*z - 30. Determine j(-19).
27
Let c(z) = 2*z**3 + 9*z**2 + 5*z - 7. What is c(-3)?
5
Let k(h) = h + 39. What is k(5)?
44
Let x(l) = -l**2 + 2*l + 6. Give x(-4).
-18
Let s(v) = -v**3 - 6*v**2 + 13*v + 37. Determine s(-7).
-5
Let s(b) = b**3 + 4*b**2 - 5*b + 5. Give s(3).
53
Let n(u) = 12*u**3 + u**2 + 4*u + 2. What is n(-1)?
-13
Let f(m) = m**3 - 3*m**2 + 8*m - 15. Calculate f(2).
-3
Let g(r) = 25*r + 13. Determine g(-3).
-62
Let z(w) = w**2 + 4*w + 21. What is z(-6)?
33
Let x(b) = -b**3 + 10*b**2 - 13. What is x(9)?
68
Let b(z) = -7*z - 27. Calculate b(-5).
8
Let l(x) = -6*x + 5. What is l(5)?
-25
Let q(p) = p**3 + 7*p**2 - 5*p + 1. What is q(-8)?
-23
Let u(z) = 2*z**3 + 10*z**2 - 3*z - 14. Determine u(-5).
1
Let n(t) = 2*t**3 + 7*t**2 + t + 4. Calculate n(-4).
-16
Let f(g) = -g + 8. Determine f(7).
1
Let y(d) = -d**3 - 6*d**2 + 8*d - 2. Give y(-7).
-9
Let y(v) = v**2 + 10*v + 9. What is y(-13)?
48
Let h(p) = -8*p**2 + 2*p + 6. Give h(3).
-60
Let j(c) = 3*c + 52. Give j(-22).
-14
Let n(r) = -2*r**3 + r**2 - 1. Determine n(1).
-2
Let v(t) = -8*t + 30. What is v(14)?
-82
Let s(y) = -23*y**3 - y - 2. Determine s(-1).
22
Let f(p) = -20*p - 240. Calculate f(-12).
0
Let z(g) = -g**3 + 5*g**2 + 17*g - 7. Give z(7).
14
Let y(t) = -4*t**3 - 5*t**2 - 7*t. Determine y(-2).
26
Let a(k) = 3*k**2 + 13*k + 10. Calculate a(-4).
6
Let g(a) = a**3 + 4*a**2 + 3*a - 4. What is g(-3)?
-4
Let y(n) = 10*n**2 + 2*n + 3. Calculate y(-1).
11
Let h(u) = -u + 16. Calculate h(11).
5
Let l(o) = 43*o + 128. Give l(-3).
-1
Let q(d) = -18*d + 76. Calculate q(5).
-14
Let z(q) = -q**3